{"id":763,"date":"2019-02-06T21:34:20","date_gmt":"2019-02-06T21:34:20","guid":{"rendered":"http:\/\/cbrcr.org\/?page_id=763"},"modified":"2024-05-26T21:07:22","modified_gmt":"2024-05-27T02:07:22","slug":"agrile-du-frene","status":"publish","type":"page","link":"http:\/\/cbrcr.org\/index.php\/agrile-du-frene\/","title":{"rendered":"Agrile du fr\u00eane"},"content":{"rendered":"\t\t<div data-elementor-type=\"wp-page\" data-elementor-id=\"763\" class=\"elementor elementor-763\" data-elementor-post-type=\"page\">\n\t\t\t\t\t\t<section class=\"elementor-section elementor-top-section elementor-element elementor-element-0c742c8 elementor-section-boxed elementor-section-height-default elementor-section-height-default\" data-id=\"0c742c8\" data-element_type=\"section\" data-e-type=\"section\">\n\t\t\t\t\t\t<div class=\"elementor-container elementor-column-gap-default\">\n\t\t\t\t\t<div class=\"elementor-column elementor-col-100 elementor-top-column elementor-element elementor-element-64070b3\" data-id=\"64070b3\" data-element_type=\"column\" data-e-type=\"column\">\n\t\t\t<div class=\"elementor-widget-wrap elementor-element-populated\">\n\t\t\t\t\t\t<div class=\"elementor-element elementor-element-64aa061 elementor-widget elementor-widget-heading\" data-id=\"64aa061\" data-element_type=\"widget\" data-e-type=\"widget\" data-widget_type=\"heading.default\">\n\t\t\t\t<div class=\"elementor-widget-container\">\n\t\t\t\t\t<h2 class=\"elementor-heading-title elementor-size-default\">L'agrile du fr\u00eane en milieu agricole, que faut-il savoir ?<\/h2>\t\t\t\t<\/div>\n\t\t\t\t<\/div>\n\t\t\t\t<div class=\"elementor-element elementor-element-9e5c973 elementor-widget elementor-widget-text-editor\" data-id=\"9e5c973\" data-element_type=\"widget\" data-e-type=\"widget\" data-widget_type=\"text-editor.default\">\n\t\t\t\t<div class=\"elementor-widget-container\">\n\t\t\t\t\t\t\t\t\t<p>L&rsquo;agrile du fr\u00eane est un insecte ravageur provenant d&rsquo;Asie qui a fait son apparition en Am\u00e9rique du Nord en 2002. Observ\u00e9 au Qu\u00e9bec pour la premi\u00e8re fois en 2008, et plus pr\u00e9cis\u00e9ment en Mont\u00e9r\u00e9gie, l\u2019agrile du fr\u00eane continue tranquillement sa dispersion dans la province. Ce n&rsquo;est que tout r\u00e9cemment, en 2017, que l\u2019Agence canadienne d\u2019inspection des aliments (ACIA) et la Ville de Qu\u00e9bec confirme la pr\u00e9sence de l\u2019agrile du fr\u00eane sur le territoire de la ville de Qu\u00e9bec. Bien que non dangereux pour la population humaine, cet insecte est n\u00e9faste pour l&rsquo;environnement car il peut d\u00e9truire des populations enti\u00e8res de fr\u00eanes en quelques ann\u00e9es. Naturellement pr\u00e9sent en bordure de cours d&rsquo;eau et dans les bois\u00e9s, le fr\u00eane se retrouve \u00e9galement en grande quantit\u00e9 dans les haies brise-vent et les bandes riveraines \u00e0 cause de son utilisation pass\u00e9e pour les am\u00e9nagements agroforestiers.<\/p><p>La disparition pr\u00e9visible de nombreux fr\u00eanes dans les prochaines d\u00e9cennies entra\u00eenera une perte de biodiversit\u00e9 importante \u00e0 l\u2019\u00e9chelle de l\u2019aire de distribution des fr\u00eanes. En milieu agricole, en cas de mortalit\u00e9 massive des fr\u00eanes situ\u00e9s en bandes riveraines, une augmentation du risque d\u2019emb\u00e2cles et de l\u2019\u00e9rosion des berges est \u00e0 pr\u00e9voir, entra\u00eenant une diminution de la qualit\u00e9 de l\u2019eau. Des pertes sont \u00e9galement \u00e0 pr\u00e9voir dans l&rsquo;efficacit\u00e9 des haies brise-vent telles une diminution de l&rsquo;ombrage pour le p\u00e2turage, une baisse du rendement des cultures ou encore une augmentation de la d\u00e9rive des pesticides lors des arrosages.<\/p><p>Il est donc important d&rsquo;agir afin de freiner son expansion et retarder ses impacts.<\/p>\t\t\t\t\t\t\t\t<\/div>\n\t\t\t\t<\/div>\n\t\t\t\t\t<\/div>\n\t\t<\/div>\n\t\t\t\t\t<\/div>\n\t\t<\/section>\n\t\t\t\t<section class=\"elementor-section elementor-top-section elementor-element elementor-element-7ccd848 elementor-section-full_width elementor-section-height-default elementor-section-height-default\" data-id=\"7ccd848\" data-element_type=\"section\" data-e-type=\"section\" data-settings=\"{&quot;background_background&quot;:&quot;classic&quot;}\">\n\t\t\t\t\t\t<div class=\"elementor-container elementor-column-gap-default\">\n\t\t\t\t\t<div class=\"elementor-column elementor-col-100 elementor-top-column elementor-element elementor-element-19d41ba\" data-id=\"19d41ba\" data-element_type=\"column\" data-e-type=\"column\">\n\t\t\t<div class=\"elementor-widget-wrap elementor-element-populated\">\n\t\t\t\t\t\t<div class=\"elementor-element elementor-element-8d7dcba elementor-widget elementor-widget-image-gallery\" data-id=\"8d7dcba\" data-element_type=\"widget\" data-e-type=\"widget\" data-widget_type=\"image-gallery.default\">\n\t\t\t\t<div class=\"elementor-widget-container\">\n\t\t\t\t\t\t\t<div class=\"elementor-image-gallery\">\n\t\t\t<div id='gallery-1' class='gallery galleryid-763 gallery-columns-5 gallery-size-thumbnail'><figure class='gallery-item'>\n\t\t\t<div class='gallery-icon landscape'>\n\t\t\t\t<a data-elementor-open-lightbox=\"yes\" data-elementor-lightbox-slideshow=\"8d7dcba\" data-elementor-lightbox-title=\"Agrilus planipennis \/ Emerald Ash Borer\" data-e-action-hash=\"#elementor-action%3Aaction%3Dlightbox%26settings%3DeyJpZCI6MjY0MCwidXJsIjoiaHR0cDpcL1wvY2JyY3Iub3JnXC93cC1jb250ZW50XC91cGxvYWRzXC8yMDIxXC8wNlwvQWRvYmVTdG9ja18yMzg1Nzk0NjEuanBlZyIsInNsaWRlc2hvdyI6IjhkN2RjYmEifQ%3D%3D\" href='http:\/\/cbrcr.org\/wp-content\/uploads\/2021\/06\/AdobeStock_238579461.jpeg'><img width=\"150\" height=\"150\" src=\"http:\/\/cbrcr.org\/wp-content\/uploads\/2021\/06\/AdobeStock_238579461-150x150.jpeg\" class=\"attachment-thumbnail size-thumbnail\" alt=\"\" decoding=\"async\" srcset=\"http:\/\/cbrcr.org\/wp-content\/uploads\/2021\/06\/AdobeStock_238579461-150x150.jpeg 150w, http:\/\/cbrcr.org\/wp-content\/uploads\/2021\/06\/AdobeStock_238579461-100x100.jpeg 100w\" sizes=\"100vw\" \/><\/a>\n\t\t\t<\/div><\/figure><figure class='gallery-item'>\n\t\t\t<div class='gallery-icon landscape'>\n\t\t\t\t<a data-elementor-open-lightbox=\"yes\" data-elementor-lightbox-slideshow=\"8d7dcba\" data-elementor-lightbox-title=\"Agrilus planipennis \/ Emerald Ash Borer\" data-e-action-hash=\"#elementor-action%3Aaction%3Dlightbox%26settings%3DeyJpZCI6MjY0MSwidXJsIjoiaHR0cDpcL1wvY2JyY3Iub3JnXC93cC1jb250ZW50XC91cGxvYWRzXC8yMDIxXC8wNlwvQWRvYmVTdG9ja18xNjI5Njc5MjYuanBlZyIsInNsaWRlc2hvdyI6IjhkN2RjYmEifQ%3D%3D\" href='http:\/\/cbrcr.org\/wp-content\/uploads\/2021\/06\/AdobeStock_162967926.jpeg'><img width=\"150\" height=\"150\" src=\"http:\/\/cbrcr.org\/wp-content\/uploads\/2021\/06\/AdobeStock_162967926-150x150.jpeg\" class=\"attachment-thumbnail size-thumbnail\" alt=\"\" decoding=\"async\" srcset=\"http:\/\/cbrcr.org\/wp-content\/uploads\/2021\/06\/AdobeStock_162967926-150x150.jpeg 150w, http:\/\/cbrcr.org\/wp-content\/uploads\/2021\/06\/AdobeStock_162967926-100x100.jpeg 100w\" sizes=\"100vw\" \/><\/a>\n\t\t\t<\/div><\/figure><figure class='gallery-item'>\n\t\t\t<div class='gallery-icon landscape'>\n\t\t\t\t<a data-elementor-open-lightbox=\"yes\" data-elementor-lightbox-slideshow=\"8d7dcba\" data-elementor-lightbox-title=\"Agrilus planipennis \/ Emerald Ash Borer\" data-e-action-hash=\"#elementor-action%3Aaction%3Dlightbox%26settings%3DeyJpZCI6NzUxLCJ1cmwiOiJodHRwOlwvXC9jYnJjci5vcmdcL3dwLWNvbnRlbnRcL3VwbG9hZHNcLzIwMTlcLzAyXC9hZ3JpbGVfYmFubmVyX2xhbmRpbmdwYWdlXzIucG5nIiwic2xpZGVzaG93IjoiOGQ3ZGNiYSJ9\" href='http:\/\/cbrcr.org\/wp-content\/uploads\/2019\/02\/agrile_banner_landingpage_2.png'><img width=\"150\" height=\"150\" src=\"http:\/\/cbrcr.org\/wp-content\/uploads\/2019\/02\/agrile_banner_landingpage_2-150x150.png\" class=\"attachment-thumbnail size-thumbnail\" alt=\"\" decoding=\"async\" srcset=\"http:\/\/cbrcr.org\/wp-content\/uploads\/2019\/02\/agrile_banner_landingpage_2-150x150.png 150w, http:\/\/cbrcr.org\/wp-content\/uploads\/2019\/02\/agrile_banner_landingpage_2-100x100.png 100w, http:\/\/cbrcr.org\/wp-content\/uploads\/2019\/02\/agrile_banner_landingpage_2-70x70.png 70w\" sizes=\"100vw\" \/><\/a>\n\t\t\t<\/div><\/figure><figure class='gallery-item'>\n\t\t\t<div class='gallery-icon landscape'>\n\t\t\t\t<a data-elementor-open-lightbox=\"yes\" data-elementor-lightbox-slideshow=\"8d7dcba\" data-elementor-lightbox-title=\"Agrilus planipennis \/ Emerald Ash Borer\" data-e-action-hash=\"#elementor-action%3Aaction%3Dlightbox%26settings%3DeyJpZCI6NzUyLCJ1cmwiOiJodHRwOlwvXC9jYnJjci5vcmdcL3dwLWNvbnRlbnRcL3VwbG9hZHNcLzIwMTlcLzAyXC9hZ3JpbGUtZnJlbmUtMi0xMDI0eDU3Ni5qcGciLCJzbGlkZXNob3ciOiI4ZDdkY2JhIn0%3D\" href='http:\/\/cbrcr.org\/wp-content\/uploads\/2019\/02\/agrile-frene-2-1024x576.jpg'><img loading=\"lazy\" width=\"150\" height=\"150\" src=\"http:\/\/cbrcr.org\/wp-content\/uploads\/2019\/02\/agrile-frene-2-1024x576-150x150.jpg\" class=\"attachment-thumbnail size-thumbnail\" alt=\"\" decoding=\"async\" srcset=\"http:\/\/cbrcr.org\/wp-content\/uploads\/2019\/02\/agrile-frene-2-1024x576-150x150.jpg 150w, http:\/\/cbrcr.org\/wp-content\/uploads\/2019\/02\/agrile-frene-2-1024x576-100x100.jpg 100w, http:\/\/cbrcr.org\/wp-content\/uploads\/2019\/02\/agrile-frene-2-1024x576-70x70.jpg 70w\" sizes=\"100vw\" \/><\/a>\n\t\t\t<\/div><\/figure><figure class='gallery-item'>\n\t\t\t<div class='gallery-icon landscape'>\n\t\t\t\t<a data-elementor-open-lightbox=\"yes\" data-elementor-lightbox-slideshow=\"8d7dcba\" data-elementor-lightbox-title=\"Agrilus planipennis \/ Emerald Ash Borer\" data-e-action-hash=\"#elementor-action%3Aaction%3Dlightbox%26settings%3DeyJpZCI6NzUzLCJ1cmwiOiJodHRwOlwvXC9jYnJjci5vcmdcL3dwLWNvbnRlbnRcL3VwbG9hZHNcLzIwMTlcLzAyXC9zdy1pbWdfdW5lX2FncmlsZS1kdS1mcmVuZS5qcGciLCJzbGlkZXNob3ciOiI4ZDdkY2JhIn0%3D\" href='http:\/\/cbrcr.org\/wp-content\/uploads\/2019\/02\/sw-img_une_agrile-du-frene.jpg'><img loading=\"lazy\" width=\"150\" height=\"150\" src=\"http:\/\/cbrcr.org\/wp-content\/uploads\/2019\/02\/sw-img_une_agrile-du-frene-150x150.jpg\" class=\"attachment-thumbnail size-thumbnail\" alt=\"\" decoding=\"async\" srcset=\"http:\/\/cbrcr.org\/wp-content\/uploads\/2019\/02\/sw-img_une_agrile-du-frene-150x150.jpg 150w, http:\/\/cbrcr.org\/wp-content\/uploads\/2019\/02\/sw-img_une_agrile-du-frene-100x100.jpg 100w, http:\/\/cbrcr.org\/wp-content\/uploads\/2019\/02\/sw-img_une_agrile-du-frene-599x600.jpg 599w, http:\/\/cbrcr.org\/wp-content\/uploads\/2019\/02\/sw-img_une_agrile-du-frene-70x70.jpg 70w\" sizes=\"100vw\" \/><\/a>\n\t\t\t<\/div><\/figure>\n\t\t<\/div>\n\t\t<\/div>\n\t\t\t\t\t\t<\/div>\n\t\t\t\t<\/div>\n\t\t\t\t\t<\/div>\n\t\t<\/div>\n\t\t\t\t\t<\/div>\n\t\t<\/section>\n\t\t\t\t<section class=\"elementor-section elementor-top-section elementor-element elementor-element-dff8194 elementor-section-boxed elementor-section-height-default elementor-section-height-default\" data-id=\"dff8194\" data-element_type=\"section\" data-e-type=\"section\">\n\t\t\t\t\t\t<div class=\"elementor-container elementor-column-gap-default\">\n\t\t\t\t\t<div class=\"elementor-column elementor-col-100 elementor-top-column elementor-element elementor-element-b3791c3\" data-id=\"b3791c3\" data-element_type=\"column\" data-e-type=\"column\">\n\t\t\t<div class=\"elementor-widget-wrap elementor-element-populated\">\n\t\t\t\t\t\t<div class=\"elementor-element elementor-element-b61a7cd elementor-widget elementor-widget-heading\" data-id=\"b61a7cd\" data-element_type=\"widget\" data-e-type=\"widget\" data-widget_type=\"heading.default\">\n\t\t\t\t<div class=\"elementor-widget-container\">\n\t\t\t\t\t<h2 class=\"elementor-heading-title elementor-size-default\">Comment reconna\u00eetre un fr\u00eane infest\u00e9 par l'agrile ?<\/h2>\t\t\t\t<\/div>\n\t\t\t\t<\/div>\n\t\t\t\t<div class=\"elementor-element elementor-element-73cf692 elementor-widget elementor-widget-text-editor\" data-id=\"73cf692\" data-element_type=\"widget\" data-e-type=\"widget\" data-widget_type=\"text-editor.default\">\n\t\t\t\t<div class=\"elementor-widget-container\">\n\t\t\t\t\t\t\t\t\t<ul><li style=\"list-style-type: none;\"><ul><li>Jaunissement pr\u00e9matur\u00e9 du feuillage<\/li><li>Mortalit\u00e9 des branches<\/li><li>\u00c9claircissement de la cime<\/li><li>Pr\u00e9sence de gourmands sur le tronc<\/li><li>Activit\u00e9s de pics<\/li><li>Fendillement, fissures et d\u00e9collement de l&rsquo;\u00e9corce<\/li><li>Galerie larvaires en forme de \u00abS\u00bb juste sous l&rsquo;\u00e9corce<\/li><li>Trou de sortie en forme de \u00abD\u00bb<\/li><\/ul><\/li><\/ul>\t\t\t\t\t\t\t\t<\/div>\n\t\t\t\t<\/div>\n\t\t\t\t\t<\/div>\n\t\t<\/div>\n\t\t\t\t\t<\/div>\n\t\t<\/section>\n\t\t\t\t<section class=\"elementor-section elementor-top-section elementor-element elementor-element-145ccfd elementor-section-boxed elementor-section-height-default elementor-section-height-default\" data-id=\"145ccfd\" data-element_type=\"section\" data-e-type=\"section\" data-settings=\"{&quot;background_background&quot;:&quot;classic&quot;}\">\n\t\t\t\t\t\t<div class=\"elementor-container elementor-column-gap-default\">\n\t\t\t\t\t<div class=\"elementor-column elementor-col-100 elementor-top-column elementor-element elementor-element-56807a7\" data-id=\"56807a7\" data-element_type=\"column\" data-e-type=\"column\">\n\t\t\t<div class=\"elementor-widget-wrap elementor-element-populated\">\n\t\t\t\t\t\t<div class=\"elementor-element elementor-element-77901a6 elementor-widget elementor-widget-image-gallery\" data-id=\"77901a6\" data-element_type=\"widget\" data-e-type=\"widget\" data-widget_type=\"image-gallery.default\">\n\t\t\t\t<div class=\"elementor-widget-container\">\n\t\t\t\t\t\t\t<div class=\"elementor-image-gallery\">\n\t\t\t<div id='gallery-2' class='gallery galleryid-763 gallery-columns-3 gallery-size-medium'><figure class='gallery-item'>\n\t\t\t<div class='gallery-icon portrait'>\n\t\t\t\t<a data-elementor-open-lightbox=\"yes\" data-elementor-lightbox-slideshow=\"77901a6\" data-elementor-lightbox-title=\"Tronc de fr\u00eane - galerie larvaire\" data-e-action-hash=\"#elementor-action%3Aaction%3Dlightbox%26settings%3DeyJpZCI6NzU3LCJ1cmwiOiJodHRwOlwvXC9jYnJjci5vcmdcL3dwLWNvbnRlbnRcL3VwbG9hZHNcLzIwMTlcLzAyXC9mMjEuanBnIiwic2xpZGVzaG93IjoiNzc5MDFhNiJ9\" href='http:\/\/cbrcr.org\/wp-content\/uploads\/2019\/02\/f21.jpg'><img loading=\"lazy\" width=\"208\" height=\"300\" src=\"http:\/\/cbrcr.org\/wp-content\/uploads\/2019\/02\/f21-208x300.jpg\" class=\"attachment-medium size-medium\" alt=\"\" decoding=\"async\" srcset=\"http:\/\/cbrcr.org\/wp-content\/uploads\/2019\/02\/f21-208x300.jpg 208w, http:\/\/cbrcr.org\/wp-content\/uploads\/2019\/02\/f21-350x506.jpg 350w, http:\/\/cbrcr.org\/wp-content\/uploads\/2019\/02\/f21-768x1110.jpg 768w, http:\/\/cbrcr.org\/wp-content\/uploads\/2019\/02\/f21-708x1024.jpg 708w, http:\/\/cbrcr.org\/wp-content\/uploads\/2019\/02\/f21.jpg 1021w\" sizes=\"100vw\" \/><\/a>\n\t\t\t<\/div><\/figure><figure class='gallery-item'>\n\t\t\t<div class='gallery-icon portrait'>\n\t\t\t\t<a data-elementor-open-lightbox=\"yes\" data-elementor-lightbox-slideshow=\"77901a6\" data-elementor-lightbox-title=\"Tronc de fr\u00eane\" data-e-action-hash=\"#elementor-action%3Aaction%3Dlightbox%26settings%3DeyJpZCI6NzU2LCJ1cmwiOiJodHRwOlwvXC9jYnJjci5vcmdcL3dwLWNvbnRlbnRcL3VwbG9hZHNcLzIwMTlcLzAyXC9JTUdfNDUyNS1lMTM5NzY1ODU5NjQzMS5qcGciLCJzbGlkZXNob3ciOiI3NzkwMWE2In0%3D\" href='http:\/\/cbrcr.org\/wp-content\/uploads\/2019\/02\/IMG_4525-e1397658596431.jpg'><img loading=\"lazy\" width=\"200\" height=\"300\" src=\"http:\/\/cbrcr.org\/wp-content\/uploads\/2019\/02\/IMG_4525-e1397658596431-200x300.jpg\" class=\"attachment-medium size-medium\" alt=\"\" decoding=\"async\" srcset=\"http:\/\/cbrcr.org\/wp-content\/uploads\/2019\/02\/IMG_4525-e1397658596431-200x300.jpg 200w, http:\/\/cbrcr.org\/wp-content\/uploads\/2019\/02\/IMG_4525-e1397658596431-350x525.jpg 350w, http:\/\/cbrcr.org\/wp-content\/uploads\/2019\/02\/IMG_4525-e1397658596431-768x1152.jpg 768w, http:\/\/cbrcr.org\/wp-content\/uploads\/2019\/02\/IMG_4525-e1397658596431-683x1024.jpg 683w, http:\/\/cbrcr.org\/wp-content\/uploads\/2019\/02\/IMG_4525-e1397658596431.jpg 1000w\" sizes=\"100vw\" \/><\/a>\n\t\t\t<\/div><\/figure><figure class='gallery-item'>\n\t\t\t<div class='gallery-icon landscape'>\n\t\t\t\t<a data-elementor-open-lightbox=\"yes\" data-elementor-lightbox-slideshow=\"77901a6\" data-elementor-lightbox-title=\"Tronc de fr\u00eane - trou de sortie\" data-e-action-hash=\"#elementor-action%3Aaction%3Dlightbox%26settings%3DeyJpZCI6NzU1LCJ1cmwiOiJodHRwOlwvXC9jYnJjci5vcmdcL3dwLWNvbnRlbnRcL3VwbG9hZHNcLzIwMTlcLzAyXC9hZ3JpbGVfdHJvdXNfZGVfc29ydGllX2piX3RnbC0xLmpwZyIsInNsaWRlc2hvdyI6Ijc3OTAxYTYifQ%3D%3D\" href='http:\/\/cbrcr.org\/wp-content\/uploads\/2019\/02\/agrile_trous_de_sortie_jb_tgl-1.jpg'><img loading=\"lazy\" width=\"300\" height=\"200\" src=\"http:\/\/cbrcr.org\/wp-content\/uploads\/2019\/02\/agrile_trous_de_sortie_jb_tgl-1-300x200.jpg\" class=\"attachment-medium size-medium\" alt=\"\" decoding=\"async\" srcset=\"http:\/\/cbrcr.org\/wp-content\/uploads\/2019\/02\/agrile_trous_de_sortie_jb_tgl-1-300x200.jpg 300w, http:\/\/cbrcr.org\/wp-content\/uploads\/2019\/02\/agrile_trous_de_sortie_jb_tgl-1-350x233.jpg 350w, http:\/\/cbrcr.org\/wp-content\/uploads\/2019\/02\/agrile_trous_de_sortie_jb_tgl-1.jpg 525w\" sizes=\"100vw\" \/><\/a>\n\t\t\t<\/div><\/figure>\n\t\t<\/div>\n\t\t<\/div>\n\t\t\t\t\t\t<\/div>\n\t\t\t\t<\/div>\n\t\t\t\t\t<\/div>\n\t\t<\/div>\n\t\t\t\t\t<\/div>\n\t\t<\/section>\n\t\t\t\t<section class=\"elementor-section elementor-top-section elementor-element elementor-element-1184eb2 elementor-section-boxed elementor-section-height-default elementor-section-height-default\" data-id=\"1184eb2\" data-element_type=\"section\" data-e-type=\"section\">\n\t\t\t\t\t\t<div class=\"elementor-container elementor-column-gap-default\">\n\t\t\t\t\t<div class=\"elementor-column elementor-col-100 elementor-top-column elementor-element elementor-element-99b225c\" data-id=\"99b225c\" data-element_type=\"column\" data-e-type=\"column\">\n\t\t\t<div class=\"elementor-widget-wrap elementor-element-populated\">\n\t\t\t\t\t\t<div class=\"elementor-element elementor-element-c16d89d elementor-widget elementor-widget-heading\" data-id=\"c16d89d\" data-element_type=\"widget\" data-e-type=\"widget\" data-widget_type=\"heading.default\">\n\t\t\t\t<div class=\"elementor-widget-container\">\n\t\t\t\t\t<h2 class=\"elementor-heading-title elementor-size-default\">Que faut-il faire ?<\/h2>\t\t\t\t<\/div>\n\t\t\t\t<\/div>\n\t\t\t\t<div class=\"elementor-element elementor-element-543d891 elementor-widget elementor-widget-text-editor\" data-id=\"543d891\" data-element_type=\"widget\" data-e-type=\"widget\" data-widget_type=\"text-editor.default\">\n\t\t\t\t<div class=\"elementor-widget-container\">\n\t\t\t\t\t\t\t\t\t<p><strong>La cime est en parfaite sant\u00e9 :<\/strong><\/p><ul><li style=\"list-style-type: none;\"><ul><li style=\"list-style-type: none;\"><ul><li>Identifier la pr\u00e9sence de fr\u00eane dans sa propri\u00e9t\u00e9 ;<\/li><li>Surveiller les fr\u00eanes si il y a ;<\/li><li>Planter une autre essence \u00e0 c\u00f4t\u00e9 par pr\u00e9vention.<\/li><\/ul><\/li><\/ul><\/li><\/ul>\t\t\t\t\t\t\t\t<\/div>\n\t\t\t\t<\/div>\n\t\t\t\t<div class=\"elementor-element elementor-element-60db7a4 elementor-widget elementor-widget-text-editor\" data-id=\"60db7a4\" data-element_type=\"widget\" data-e-type=\"widget\" data-widget_type=\"text-editor.default\">\n\t\t\t\t<div class=\"elementor-widget-container\">\n\t\t\t\t\t\t\t\t\t<p><strong>D\u00e8s que 10 % de la cime montre des signes d&rsquo;\u00e9claircissement :<\/strong><\/p><ul><li style=\"list-style-type: none;\"><ul><li style=\"list-style-type: none;\"><ul><li>Informer la municipalit\u00e9 ;<\/li><li>J&rsquo;ai la possibilit\u00e9 de faire traiter mon fr\u00eane au TreeAzin (ce produit interompt la progression de l&rsquo;infestation) ;<\/li><li>En l&rsquo;absence de traitement, id\u00e9alement, j&rsquo;abats le plus t\u00f4t possible mon fr\u00eane ;<\/li><li>Je plante une autre essence.<\/li><\/ul><\/li><\/ul><\/li><\/ul>\t\t\t\t\t\t\t\t<\/div>\n\t\t\t\t<\/div>\n\t\t\t\t\t<\/div>\n\t\t<\/div>\n\t\t\t\t\t<\/div>\n\t\t<\/section>\n\t\t\t\t<section class=\"elementor-section elementor-top-section elementor-element elementor-element-605c457 elementor-section-boxed elementor-section-height-default elementor-section-height-default\" data-id=\"605c457\" data-element_type=\"section\" data-e-type=\"section\">\n\t\t\t\t\t\t<div class=\"elementor-container elementor-column-gap-default\">\n\t\t\t\t\t<div class=\"elementor-column elementor-col-100 elementor-top-column elementor-element elementor-element-0dfbf0a\" data-id=\"0dfbf0a\" data-element_type=\"column\" data-e-type=\"column\">\n\t\t\t<div class=\"elementor-widget-wrap elementor-element-populated\">\n\t\t\t\t\t\t<div class=\"elementor-element elementor-element-f8d4347 elementor-widget elementor-widget-heading\" data-id=\"f8d4347\" data-element_type=\"widget\" data-e-type=\"widget\" data-widget_type=\"heading.default\">\n\t\t\t\t<div class=\"elementor-widget-container\">\n\t\t\t\t\t<h2 class=\"elementor-heading-title elementor-size-default\">Pour plus d'informations consulter :<\/h2>\t\t\t\t<\/div>\n\t\t\t\t<\/div>\n\t\t\t\t<div class=\"elementor-element elementor-element-29c4763 elementor-widget elementor-widget-text-editor\" data-id=\"29c4763\" data-element_type=\"widget\" data-e-type=\"widget\" data-widget_type=\"text-editor.default\">\n\t\t\t\t<div class=\"elementor-widget-container\">\n\t\t\t\t\t\t\t\t\t<p><span style=\"color: #339966;\"><a style=\"color: #339966;\" href=\"http:\/\/cbrcr.org\/wp-content\/uploads\/2019\/06\/depliant_agriledufrene_CERFO.pdf\" target=\"_blank\" rel=\"noopener\">Agrile du fr\u00eane, que faut-il savoir et que faire ?<\/a><\/span><\/p><p><span style=\"color: #339966;\"><a style=\"color: #339966;\" href=\"https:\/\/www.youtube.com\/watch?time_continue=70&amp;v=cfMJMKT6V94\" target=\"_blank\" rel=\"noopener\">Vid\u00e9o explicative (CMQ, 2018)<\/a><\/span><\/p><p><span style=\"color: #339966;\"><a style=\"color: #339966;\" href=\"https:\/\/www.youtube.com\/watch?v=G5pFBxbdzD0&amp;feature=youtu.be\" target=\"_blank\" rel=\"noopener\">Vid\u00e9o pour l&rsquo;identification des fr\u00eanes (Ville de Qu\u00e9bec, 2018)<\/a><\/span><\/p>\t\t\t\t\t\t\t\t<\/div>\n\t\t\t\t<\/div>\n\t\t\t\t\t<\/div>\n\t\t<\/div>\n\t\t\t\t\t<\/div>\n\t\t<\/section>\n\t\t\t\t<\/div>\n\t\t","protected":false},"excerpt":{"rendered":"<p>L&rsquo;agrile du fr\u00eane en milieu agricole, que faut-il savoir ? L&rsquo;agrile du fr\u00eane est un insecte ravageur provenant d&rsquo;Asie qui a fait son apparition en Am\u00e9rique du Nord en 2002. Observ\u00e9 au Qu\u00e9bec pour la premi\u00e8re fois en 2008, et plus pr\u00e9cis\u00e9ment en Mont\u00e9r\u00e9gie, l\u2019agrile du fr\u00eane continue tranquillement sa dispersion dans la province. Ce &hellip; <\/p>\n<p class=\"link-more\"><a href=\"http:\/\/cbrcr.org\/index.php\/agrile-du-frene\/\" class=\"more-link\">Continuer la lecture<span class=\"screen-reader-text\"> de &laquo; Agrile du fr\u00eane &raquo;<\/span><\/a><\/p>\n","protected":false},"author":1,"featured_media":0,"parent":0,"menu_order":0,"comment_status":"closed","ping_status":"closed","template":"","meta":{"inline_featured_image":false,"footnotes":""},"class_list":["post-763","page","type-page","status-publish","hentry"],"publishpress_future_action":{"enabled":false,"date":"2026-05-07 17:13:57","action":"change-status","newStatus":"draft","terms":[],"taxonomy":"","extraData":[]},"publishpress_future_workflow_manual_trigger":{"enabledWorkflows":[]},"_links":{"self":[{"href":"http:\/\/cbrcr.org\/index.php\/wp-json\/wp\/v2\/pages\/763","targetHints":{"allow":["GET"]}}],"collection":[{"href":"http:\/\/cbrcr.org\/index.php\/wp-json\/wp\/v2\/pages"}],"about":[{"href":"http:\/\/cbrcr.org\/index.php\/wp-json\/wp\/v2\/types\/page"}],"author":[{"embeddable":true,"href":"http:\/\/cbrcr.org\/index.php\/wp-json\/wp\/v2\/users\/1"}],"replies":[{"embeddable":true,"href":"http:\/\/cbrcr.org\/index.php\/wp-json\/wp\/v2\/comments?post=763"}],"version-history":[{"count":63,"href":"http:\/\/cbrcr.org\/index.php\/wp-json\/wp\/v2\/pages\/763\/revisions"}],"predecessor-version":[{"id":6408,"href":"http:\/\/cbrcr.org\/index.php\/wp-json\/wp\/v2\/pages\/763\/revisions\/6408"}],"wp:attachment":[{"href":"http:\/\/cbrcr.org\/index.php\/wp-json\/wp\/v2\/media?parent=763"}],"curies":[{"name":"wp","href":"https:\/\/api.w.org\/{rel}","templated":true}]}}